38. Let o be p(-16). Calculate the highest common factor of t and o.
6
Let b = -70 + 71. Let c be 1 + 27 - (-5 + b - -5). Let j be 72/2*54/8. Calculate the greatest common divisor of j and c.
27
Let z(v) = v**3 - 8*v**2 + 6*v + 16. Let l be z(8). What is the greatest common factor of l and 2?
2
Suppose 6*w - 476 = -w. Let m be (10/2)/20*w. What is the greatest common divisor of 68 and m?
17
Let l(v) = -1 + 0 - 2 + 12*v. Let d be l(5). Let b = 501 - 463. Calculate the highest common factor of b and d.
19
Let w(h) = 2*h**3 - h**2 - 4*h + 24. Let q be w(0). Calculate the highest common divisor of 56 and q.
8
Suppose 4*o - 38 = 2*k, o - 5*k = 54 - 22. Calculate the highest common factor of o and 973.
7
Let b(r) = -2*r**2 + 20*r + 59. Let v be b(11). Calculate the greatest common factor of v and 407.
37
Suppose -5*g + 20 + 100 = 0. Let q(u) = 3*u - 15. Let b be q(6). Calculate the highest common divisor of b and g.
3
Let g(t) = -t**3 - 8*t**2 + 8*t + 1. Let j be g(-9). Calculate the greatest common divisor of j and 1890.
10
Suppose -3*w - 4*d = -332, -558 = -4*w + 2*d - 108. Calculate the greatest common factor of 48 and w.
16
Suppose -50 = -265*y + 264*y. What is the highest common factor of y and 40?
10
Let w = -147 + 139. Let i be (3 - (-20)/w)*8. Calculate the greatest common factor of i and 20.
4
Suppose -2 = -3*m - 2*g + g, 16 = -2*m - 5*g. Suppose m*h - h = 10. Suppose -h = k - 6*k. What is the greatest common divisor of k and 8?
2
Suppose 47 = 5*a + 42, 2*m + 5*a - 577 = 0. Calculate the highest common divisor of m and 44.
22
Let w be (460/(-6) - 0)/((-8)/24). Let u be (0 + -123 + 1)*1. Let d = w + u. Calculate the greatest common factor of 36 and d.
36
Let p be 1/((1/20)/1). Let u = p + 0. Suppose 34 = o + 4*f, 3*o + 4*f = 3*f + 146. What is the greatest common divisor of o and u?
10
Suppose -28 = -4*t + 12. Let c = 4249 + -4224. What is the greatest common divisor of t and c?
5
Suppose -10285 = -51*i + 2975. What is the highest common factor of 100 and i?
20
Let m(y) = -y**3 + 6*y**2 - 7*y + 4. Let k be m(4). Let h be k/(-2 + -1 + 2). Let n = -2 - h. What is the greatest common factor of n and 54?
6
Suppose -3*a - 4*j - 1193 = -4*a, 4*a + 4*j = 4732. Let i be (-63)/(-84) - a/(-4). Calculate the highest common factor of i and 27.
27
Let c be (2 + -65)*2/(-6). Suppose a = -4*a - 255. Let j = a - -156. What is the greatest common factor of j and c?
21
Let q = 661 + -373. Let k be -5 + (-41 + 0)*(-1 + 0). Calculate the greatest common divisor of q and k.
36
Let o be (-3654)/(-116)*8/18. Suppose -5*y - 1047 = -3*f - 8*y, -y - 701 = -2*f. What is the highest common divisor of f and o?
14
Let l(q) = 3*q**2 + 23*q + 42. Let i be l(-13). Calculate the greatest common divisor of 100 and i.
50
Let l(y) = -y**3 - 9*y**2 + 7*y - 2. Let r be l(-10). Suppose -4*g - 22 = -106. What is the greatest common factor of g and r?
7
Let x(c) = 6*c**2 + 6*c - 3. Let o be x(4). Let q = 774 + -761. Calculate the greatest common divisor of o and q.
13
Suppose 0 = -a - 2*a + 6. Suppose -4*s + 4 = -2*m, -5*m + a*m - 9 = -5*s. Let t = m + 21. Calculate the highest common divisor of t and 13.
13
Let x(p) = 10*p + 21. Let o be x(-7). Let d be (o/4)/((-10)/40). What is the highest common divisor of 7 and d?
7
Let n(q) = -369*q**2 - 3*q + 5. Let p(h) = 92*h**2 + h - 1. Let g(d) = 2*n(d) + 9*p(d). Let t be g(-1). What is the highest common divisor of 22 and t?
22
Let g(m) be the third derivative of m**6/8 - m**5/60 - m**3/6 - 11*m**2. Let h be g(2). What is the greatest common factor of 46 and h?
23
Suppose -5*v + 0*v = -5. Let j be (3 + v)*(0 - -5). What is the highest common divisor of j and 10?
10
Suppose -2*a + 23 = 3*f + 2*f, -4 = 4*f. Suppose -3*d + 15 = 2*d + r, d + 5*r = -21. Let g = d + a. What is the highest common factor of g and 9?
9
Suppose 3*j + 186 = 5*j. Let r = j + -63. Calculate the highest common divisor of 15 and r.
15
Let v(k) = 10*k + 10. Let l be v(5). What is the highest common divisor of l and 15?
15
Let a = 148 + 67. Calculate the highest common divisor of 5 and a.
5
Suppose -27*f + 73*f = 3312. Calculate the greatest common divisor of 1152 and f.
72
Let h(c) = -21*c**2 + 5*c - 1. Let y(n) = -64*n**2 + 14*n - 3. Let t(g) = 11*h(g) - 4*y(g). Let k be t(1). Calculate the highest common divisor of k and 275.
25
Let h be 30/(-4)*8/6. Let s(d) = 30 - 11*d + d**2 + 2*d**2 - 4*d**2 - 18. Let u be s(h). Calculate the greatest common factor of u and 220.
22
Suppose -3*l - 2*s + 74 = 3*s, 0 = -3*s - 6. What is the highest common divisor of 36 and l?
4
Suppose -6 = -r + 7. Let g be (-78)/(-5)*(-180)/(-27). Calculate the highest common divisor of r and g.
13
Let a be 29 - -1*(-2 + -1). Let r = a - 25. Suppose 0 = -3*k + 157 - r. What is the greatest common divisor of k and 13?
13
Suppose -13*i + 14*i + 3*o - 336 = 0, -2*i + 717 = -3*o. What is the greatest common divisor of i and 39?
39
Suppose z - 1530 = -17*z. Calculate the greatest common factor of z and 17.
17
Suppose 4*u + o - 37 = -0*o, -2*u + 22 = 4*o. Let f = -21 + 27. Suppose -f*v + 34 = -2. Calculate the greatest common divisor of u and v.
3
Suppose 11*o = -3 + 80. What is the highest common divisor of o and 511?
7
Let l(b) = -2*b**3 - 3*b + 8. Let a be l(-7). Suppose 5*m = 16*m - a. Calculate the highest common divisor of m and 13.
13
Suppose -5*q + 2*q + 16 = 4*c, 2*c + 4*q = -2. Calculate the highest common factor of c and 49.
7
Suppose -6 = -3*q - 4*m + 9, 3*q - 4*m = 15. Calculate the greatest common factor of 5 and q.
5
Let o = -70 - -210. Suppose -6*y + 1648 = 1528. What is the greatest common divisor of o and y?
20
Let r be 328/14 - 6/14. Let z(k) be the third derivative of -5*k**4/12 + 31*k**3/6 + 4*k**2. Let y be z(-13). What is the highest common divisor of y and r?
23
Let l = 2312 + -739. What is the highest common factor of l and 13?
13
Let h = -109 - -163. Let t = h - 40. Calculate the greatest common divisor of t and 112.
14
Let n(y) = 30*y + 346. Let f be n(-10). Calculate the greatest common divisor of 1242 and f.
46
Let v(l) = 15*l**2 + 2*l + 3. Suppose k = 4*d - 13, 4*k + 8 = 3*d - 5. Let n be v(k). What is the greatest common divisor of n and 16?
16
Let w(d) = 6*d + 80. Let p be w(8). Calculate the highest common divisor of 288 and p.
32
Let q = 333 + -181. Calculate the highest common divisor of q and 57.
19
Let j be 94/14 + -2 + 6/21. Calculate the highest common factor of j and 115.
5
Suppose -o - 14 - 5 = 4*c, -8 = -2*c. Let t be o/2*(-96)/30. Calculate the greatest common factor of t and 7.
7
Let z = -318 - -2302. What is the greatest common divisor of z and 31?
31
Let o(h) = -h**3 - 8*h**2 - h + 6. Let s be o(-8). Suppose 22 = -4*y + 5*g + 157, 4*y + 4*g - 144 = 0. What is the greatest common factor of s and y?
7
Let c(m) = -5*m**3 - 480*m**2 - 3*m + 135. Let a be c(-96). Let s be ((-6)/(-4) + -1)*94. Calculate the highest common divisor of s and a.
47
Let i = -121 - -410. Let c be (-34)/i + 44196/(-34). Let z be c/(-6) - (-3)/9. What is the highest common divisor of 31 and z?
31
Let q(j) = -j**3 + 20*j**2 + 13*j - 193. Let z be q(20). What is the highest common factor of 335 and z?
67
Let s(y) = -y**2 + 4*y - 6. Let n be s(4). Let a = -2 + n. Let v(j) = -2*j - 4. Let w be v(a). What is the greatest common factor of 3 and w?
3
Let h(g) = 2*g + 6. Suppose 5*w = -2*f + 7, -5*f - 8 + 35 = 3*w. Let j be h(f). Let q be ((-9)/j)/((-1)/14). What is the highest common divisor of 63 and q?
7
Suppose o = -4*o + 20. Suppose 3*a - 8 = r + r, -o*r = 4*a - 4. Suppose -65 = -a*p + h, -4*p - 2*h - 36 = -170. What is the greatest common divisor of 3 and p?
3
Suppose 4*r - 252 = 47*j - 49*j, -20 = -4*r. What is the highest common factor of 203 and j?
29
Let w(f) be the first derivative of -3*f**2 - f - 2. Let r be w(-2). Suppose 257 - 59 = 9*m. What is the highest common factor of r and m?
11
Suppose 5*c + 256 = 46*p - 45*p, 3*p - 2*c = 703. What is the greatest common divisor of 84 and p?
21
Suppose 2*a - 5*t = a - 3, 0 = -2*a - t + 5. Let o(f) = 4 + 3*f + 1 + 4*f**a + 0*f. Let c be o(-5). Calculate the highest common divisor of c and 18.
18
Suppose 15948 = 34*a + 4524. What is the greatest common factor of 72 and a?
24
Suppose 0 = 3*m + 4*a - 62, -2*m - 24 + 27 = -5*a. Let p be -1 - -2